. Let o(l) = -c(l) - 4*r(l). What is o(-1)?
-10
Let i(m) = -5 + m - 3*m - 2. Let r(h) = -17*h + 11. Let j be r(1). Calculate i(j).
5
Let i(s) = -18*s + 6. Let w(z) = 12*z - 4. Let r be (-2)/(2/8 + -10 + 10). Let x(c) = r*w(c) - 5*i(c). Calculate x(-2).
14
Let j = -10 - -10. Let z(a) = 2*a - 8. Let m(h) = h. Let o(w) = 3*m(w) - z(w). What is o(j)?
8
Suppose 22 = -5*p - s, -p = -3*p - 4*s + 2. Let d(w) = w**3 + 3*w**2 + w - 6. Let z(f) = -f**3 - 4*f**2 - 2*f + 5. Let a(q) = -2*d(q) - 3*z(q). What is a(p)?
2
Let l(w) = -w**3 + 7*w**2 - 4*w - 7. Let c = 213 + -42. Suppose -195 = -4*q - c. Determine l(q).
5
Let t(z) = 2*z**2 + 12*z - 1. Let u(k) = k**3 + 4*k**2 - 24*k - 78. Let a be u(-6). What is t(a)?
-1
Suppose -3*s + 5*s - 90 = 0. Let t = s - 38. Let p(x) = x - 7. Determine p(t).
0
Let x(c) = 8 + 3 - 2 - c. Let z be x(8). Let s be 0 + -2 + (z - 2). Let v(l) = -l - 2. Give v(s).
1
Suppose -g = g - 20. Let r(d) = -9*d - g + 6*d + 5*d. Determine r(8).
6
Let h(q) = q**3 - 6*q**2 + 24*q - 109. Let o be h(5). Let a(m) = m**2 + 17*m + 39. What is a(o)?
-3
Let b(f) be the third derivative of f**4/24 + 5*f**3/3 - 3*f**2 + 62. Give b(7).
17
Let l be (-6)/8*(-1100)/(-165). Let o(n) = 3*n + 11. Give o(l).
-4
Let u(i) be the first derivative of 9 + i + 5/2*i**2. Give u(-2).
-9
Let d(k) = -10*k**2 - k - 4. Let b(c) = 18*c**2 + c + 7. Let q(p) = -3*b(p) - 5*d(p). Calculate q(-2).
-21
Let o = -3 + 7. Suppose 5*g - 36 = -4*q, -o = -g - 2*g + 2*q. Let n be 6/(-4) + 2/g. Let p(x) = -7*x**3 + 2*x**2 + 2*x + 1. Determine p(n).
8
Let s(n) = -4*n**2 - 10*n**2 + n + 10*n**2 - 1 - 3*n**2. Suppose 3*h - 2 = h. What is s(h)?
-7
Let y(p) = p**3 + 3*p + 1. Let l(k) = -9*k**3 - 18*k - 7. Let u(g) = -l(g) - 6*y(g). Let w be 1/4 + 10/(-8). Determine u(w).
-2
Suppose -2*n + 13 = -n - 2*l, 0 = -5*n - 4*l - 5. Let v(u) = -3*u**3 - 4*u + 3*u**2 + 2 + 9*u + 4*u**n - 8*u. Give v(-4).
-2
Let d(q) = -q**2 + 2*q. Suppose a - 3*k + 20 = 0, -k - 24 = 3*a + 2*k. Suppose 20 = -2*j - 2*m, -4*j + m + 22 = -6*j. Let b = a - j. Give d(b).
1
Let i(l) = 8*l + 4*l**2 - l + 22*l**3 - 5*l + 17*l**3 - 40*l**3. Let c(x) = x**2 + 4*x + 4. Let d be c(-4). Give i(d).
8
Suppose -5 = 5*o, o - 18 + 15 = 2*f. Let s(a) = -3*a**3 + a**2 - 4*a - 5. Calculate s(f).
31
Let w(g) = -g + 3. Suppose 3*h + 2*r = 5*r + 33, -2*h + 16 = 4*r. Suppose h = 2*x - 2. Let s be (x/4)/((-1)/(-2)). Determine w(s).
0
Let d(t) = -225*t + 79*t + 75*t - 2*t**2 + 1 + 78*t + 3*t**2. Let s(j) = j**2 + 3*j + 3. Let u be s(-2). Let h = -4 - u. Determine d(h).
-9
Let w(t) be the first derivative of -t**4/4 + 4*t**3/3 - 3*t**2/2 + t - 9. Let h(x) = x - 3. Let d be h(6). Calculate w(d).
1
Let f(c) = -2*c - 98 - c**3 + 97 + 3*c**2 + c**2. Calculate f(2).
3
Let p = 247 - 232. Let i(d) = d**2 - 15*d - 4. Calculate i(p).
-4
Suppose 0 = 4*j + 4*v - 16, 0*j + 2*v = 5*j - 6. Let i(w) = -j - w**2 - 7*w + 24*w - 11*w. Calculate i(7).
-9
Let b(t) = t - 2. Let h = 54 - 23. Suppose 4*o - m + 26 = 0, 5*m + h = 2*o - 5*o. Let s be (6/o)/((-6)/42). Give b(s).
4
Suppose q - 8 = -3*r - 29, 2*r - 5*q - 3 = 0. Let b(x) = x**2 - x + 1. Give b(r).
43
Let g be (-2)/(-4)*(-1 + 5). Let y(w) be the first derivative of 3*w - 2*w + 11 + w**2 + 0*w**g. Calculate y(-1).
-1
Let s(p) = 2 + 1 + 7*p - 3 - 1. Let k(m) = -m**2 - 2*m + 9. Let i(a) = 2*a**3 + 3*a**2 + a + 2. Let c be i(-2). Let u be k(c). Give s(u).
6
Suppose 5*d + c + 92 = 0, -3*d - c = -6*c + 72. Let g(v) = v**3 + 19*v**2 + 6. What is g(d)?
6
Let q(g) = g**3 - 5*g**2 - 7*g + 2. Let z(i) = i**2 + 2*i - 9. Let b be z(3). Calculate q(b).
-4
Let n(j) = 2*j + 7. Suppose 4*a + 11 - 27 = 0. Suppose -27 = 3*h - u, h - 3*h - 4*u = a. Let y = 2 + h. Calculate n(y).
-5
Let a(w) = 8*w. Let b(p) = -p - 10. Let i be b(-15). Suppose i*q - 8 = -3. Determine a(q).
8
Let w(q) = -6*q**2 + 36*q + 6. Let a(x) = -x**2 + 7*x + 1. Suppose 6*z + 5*i = 3*z + 26, 2*z = -5*i + 24. Let u(n) = z*w(n) - 11*a(n). Calculate u(-5).
1
Let r(o) be the third derivative of o**6/120 + o**5/10 - o**4/24 + o**3/3 + 5*o**2 - 6*o. Give r(-6).
8
Let v = 60 - 65. Let r be (v - (-36)/8)/((-2)/(-12)). Let t(i) be the third derivative of -i**6/120 - i**5/60 + i**4/8 - 2*i**3/3 - i**2. What is t(r)?
5
Suppose 0 = 5*h + 4*g - 24, 4*h + 5*g = 17 - 5. Suppose 5*o = -3*x + 9, -x + h = -5*x. Let a(y) = -o - 29*y + 17*y + y**2 - 5 + 17*y. Give a(-6).
-2
Let g(j) = 2*j**3 - 1. Let f = 901 - 902. Give g(f).
-3
Let j be 11 - (1 + 6 + -3). Let d(u) = -7*u - 5*u + 11*u + j. Let f be 2/4 + 9/2. Determine d(f).
2
Let a(p) be the third derivative of 0*p + 0*p**3 + 7*p**2 - 1/20*p**5 + 1/12*p**4 + 1/60*p**6 + 0. Calculate a(2).
8
Let j(i) = i**3 - 5*i**2 - 4*i - 1. Suppose -47*r + 70 + 212 = 0. Give j(r).
11
Let w be (-3*(-5)/20)/(3/16). Let o(y) = -2*y**2 + 8*y + 3. What is o(w)?
3
Let r = 21 - 24. Let q(l) be the third derivative of l**4/24 + l**3/3 + 5*l**2 + 3*l. Determine q(r).
-1
Let t be (((-4)/(-3))/4)/(2/96). Let c(w) = -w + 23. Calculate c(t).
7
Suppose 1 = v - 5. Let k(n) = 0*n**2 + 7*n + 7 - 2*n**2 - 18*n. Let x(h) = -h**2 - 10*h + 6. Let j(s) = 2*k(s) - 3*x(s). Calculate j(v).
8
Let r(s) = -3*s**2 + 2*s**3 + 31*s - 33*s - 3*s**3. Determine r(-2).
0
Let h(j) = -4*j**3 - 6*j**2 + 5*j + 4. Let m(n) = 7*n**3 + 10*n**2 - 8*n - 9. Let u(d) = -5*h(d) - 3*m(d). What is u(0)?
7
Let x(l) = -l**3 + 8*l**2 - 14*l - 4. Let w = 288 + -283. Determine x(w).
1
Let k(a) = -9*a + 1. Suppose -4*h + 5*m = -2*h - 155, -5*m + 105 = 2*h. Let f = h + -64. Give k(f).
-8
Suppose 0 = 5*x - 4*x. Let w(s) = 3*s + 26. Let i be w(x). Let r = -24 + i. Let z(k) = k**3 - 3*k**2 + 2*k - 1. Give z(r).
-1
Suppose -6 = 5*v + 4*d, 5*v + 0 - 6 = -d. Let x(y) = -y**2 + 2*y - 4. Determine x(v).
-4
Let w(k) = 11 + 0*k - 12 - k + 0*k. Let v = -18 + 12. Give w(v).
5
Let t(k) = -2*k**2 + 4*k + 5. Let a = -16 - -23. Let o = 14 + a. Suppose 0 = -5*f - 3*q - o + 56, -3*f + 7 = -q. Determine t(f).
-11
Let r(j) = -3*j + 9945 - 4972 + 9*j - 4981 + j - j**2. Calculate r(6).
-2
Let i be 28*(20/8 - 2). Let z(w) = i*w**2 - 11*w**2 - 11*w**2 - 4 + w**3. Determine z(8).
-4
Let i(b) = 1 - 8 - 1 + 3 - 14*b - 2*b**2 - 4. Calculate i(-6).
3
Let g(q) = -4*q - 3 - q**2 + 6*q + 2. Suppose -5*i = d - 20, -32 = -4*d - 12. Determine g(i).
-4
Let v(t) = t**2 + 15. Let m(j) = 4*j - 12. Let g be m(3). Let s be (14/56)/(2/4)*g. Determine v(s).
15
Let l(s) be the second derivative of -s**5/20 - 2*s**4/3 + 4*s**3/3 - 11*s**2/2 + 117*s. Give l(-9).
-2
Let c(l) = -2*l - 33. Let f be c(-15). Let u be -2 + 3 + -1 + 12 + f. Let x(k) = -k**3 + 9*k**2 - k + 8. What is x(u)?
-1
Let p(o) = -o + 1. Let i(m) = -4*m**2 - 5*m + 8. Let t(y) = -i(y) + 3*p(y). Let s(g) be the first derivative of t(g). Let r be 10/(-4) - 2/(-4). Determine s(r).
-14
Let s be (2 + 1)*(4 + -3). Suppose s*d + 2 = -10. Let t(v) = 4*v + 5. Calculate t(d).
-11
Let m(j) = 8*j + 1. Let g(h) = -h. Let w(t) = 5*g(t) - m(t). Calculate w(-1).
12
Let s(i) = -i - 6. Let b(t) = t**3 - 6*t**2 + 9*t - 27. Let n be b(6). Suppose 73 = 20*m - n. Determine s(m).
-11
Let m = 442 - 453. Let b(v) = -2*v - 15. Determine b(m).
7
Let g be 9/(-3)*-8*(-3)/9. Let q(p) = -p**3 - 8*p**2 - p + 9. Give q(g).
17
Let v(n) = 33 + 5*n - 73 + 13 - 29. Determine v(10).
-6
Let y(m) = -m**2 + 2*m - 4. Let o be y(3). Let p(s) = s - s**3 - 1 + 14388*s**2 - 14395*s**2 + 2. Give p(o).
-6
Let d(f) = f + 5. Let j(g) = -1. Let m(r) = -d(r) + 2*j(r). Suppose -50 - 6 = 8*v. Calculate m(v).
0
Let x be ((-22)/(-2) - (7 - 5)) + -6. Let o(f) be the second derivative of f**5/20 - f**3/2 + 2*f**2 - 5*f. Calculate o(x).
22
Let j(y) = 2 - 4 - y**3 - y + 0*y + 4 + y**2 - 5*y**2. What is j(-3)?
-4
Let n(i) = 20*i - 75. Let z be n(4). Let o(w) = w**3 - 5*w**2 + 6*w + 6. What is o(z)?
36
Let v(h) be the first derivative of -h**2/2 - 2*h + 110. Let s(a) = a**2 - 5*a - 2. Let k be s(5). Give v(k).
0
Suppose -2*n - 12*a - 4 = -8*a, -2*a = 2*n - 4. Let p(s) = -s**3 + 7*s**2 - 7*s + 6. What is p(n)?
0
Let u(w) = -w**2 - 10*w - 3. Let n(a) = -2*a**2 - 9*a - 2. Let j(h) = -3*n(h) + 4*u(h). Let s be j(7). Let l(o) = -o + 1. Calculate l(s).
0
Let d = 0 - -47. Let r(c) = c**3 + d*c - 5 + 11 - 45*c + 6*c**2. Give r(-5).
21
Let q(j) = 13*j - 2 - 15*j - 3 + 4*j - 5. Determine q(4).
-2
Let n(h) = -2*h - 5. Let t(y) = -y - 4. Let s(l) =